
Suppose -21*q = -15*q. Suppose -6*y + 691 + 1889 = q. What are the prime factors of y?
2, 5, 43
What are the prime factors of ((-16428)/(-1332))/(2/5316)?
2, 37, 443
Let l = 92411 + -42102. What are the prime factors of l?
7, 7187
Let o = -72247 - -132186. List the prime factors of o.
11, 5449
Let a be (-177)/(-2) - 18/12. Let l = 89 - a. Suppose l*x = -84 + 128. What are the prime factors of x?
2, 11
Suppose 3*l = -2*x + 33704, -16*l + 56210 = -11*l - 4*x. What are the prime factors of l?
2, 3, 1873
Let u(p) = 51*p + 15. Let l be u(-11). What are the prime factors of l/(-4)*(2 - (-8)/(-6))?
7, 13
Let a = 98 - 92. Let g(j) = 121*j - 144. List the prime factors of g(a).
2, 3, 97
Let s = 1523 - -2554. List the prime factors of s.
3, 151
Suppose -3*y + 2*v = -4408, 1397 = 3*y + 4*v - 2999. Suppose 0 = -2*s - 5*r + y, -5*s - r - 2219 = -8*s. What are the prime factors of s?
739
Let m(l) = -3 + 5*l + 4*l - 10*l. Let r be m(5). What are the prime factors of ((-1215)/18)/(6/r)?
2, 3, 5
Suppose 0 = 4*z - n - 40003, 5*n - 3974 = 4*z - 44005. What are the prime factors of z?
3, 11, 101
List the prime factors of ((-31)/((-3906)/(-16812)))/(1/(-49)).
2, 7, 467
Let i(t) = t**2 - 5. Suppose 39*q - 33*q - 432 = 0. Suppose -q = -5*z - 3*z. List the prime factors of i(z).
2, 19
Let d(o) = 195*o**2 + 2*o + 3. Let t be d(2). Let q = t - 55. Suppose 11*f = 7*f + q. List the prime factors of f.
3, 61
Let m = -1238 - -1422. Let o = -29 - -15. List the prime factors of (-1 - m)*(o - -13).
5, 37
Suppose 0 = 28*m - 367 - 557. Suppose -m*i - 1450 = -35*i - g, -2*i - 4*g = -1444. What are the prime factors of i?
2, 3, 11
Let y(g) = 17*g + 2349. What are the prime factors of y(50)?
7, 457
Suppose -2*k - 58 = -42. What are the prime factors of ((-578)/k)/(1/4)?
17
Suppose 3*t - 3 = 0, 9*l - 10*l = -t - 13789. List the prime factors of l.
2, 5, 7, 197
Suppose 0 = -26*f + 224675 + 49817 + 519886. What are the prime factors of f?
30553
Let t = -186 - -187. Let i(y) = 504*y - 9. List the prime factors of i(t).
3, 5, 11
Suppose 0 = 4*n - 2*j - 14, -5*n - j = 2*j - 34. Suppose n*s = 8*s - 12. Suppose -244 = -4*x + 4*c - c, 2*x + s*c - 144 = 0. List the prime factors of x.
2
Let s(y) be the first derivative of y**5/60 + y**4/4 - 6*y**3 - 17. Let p(v) be the third derivative of s(v). What are the prime factors of p(5)?
2
Let w(j) = -j**3 + 8*j**2 - 7*j + 3. Let d be w(5). Let p(g) = d + 2*g + 3*g**2 + 54 - 4*g**2 + 23. What are the prime factors of p(0)?
2, 3, 5
Let s be -2 - (2 + 0 + -488). Let t(g) = 19*g + 97. Let a be t(-5). Suppose -2*v = a*v - s. List the prime factors of v.
11
Let i(d) = 646*d**3 + 4*d**2 - 54*d + 75. What are the prime factors of i(4)?
29, 1423
Let i(r) = 4618*r**2 - 48*r - 48. What are the prime factors of i(-1)?
2, 2309
Let b be (-3 - (-33)/12) + (-94)/8. Let k(n) = n**2 + 13*n + 24. What are the prime factors of k(b)?
2, 3
Let t be (13 + 0)/((-4)/(12 - 4)). Let y = -26 - t. Suppose y = -h + 20 + 4. What are the prime factors of h?
2, 3
Let a be (-43)/(-2) - 1/2 - 3. Suppose 4*u = 30 + a. Suppose u*l - 8*l = 392. What are the prime factors of l?
2, 7
Let g(d) = d**3 + 7*d**2 - d - 3. Let h(z) = 2*z**2 + 62*z - 71. Let s be h(-32). List the prime factors of g(s).
2
Let r = -604 - -567. Suppose -u + 25 + 35 = 0. Let i = r + u. What are the prime factors of i?
23
Suppose 5*s - 5*i = 6535, -125*s - 2620 = -127*s - 4*i. What are the prime factors of s?
2, 3, 109
Let d = 66441 + -6541. What are the prime factors of d?
2, 5, 599
Suppose i - 111 + 15 = 0. Suppose 0 = i*k - 94*k - 110. What are the prime factors of k?
5, 11
Suppose 4*v - 5*o - 14534 = 165185, v - 4*o - 44938 = 0. What are the prime factors of v?
2, 7, 3209
Suppose 1089963 = 19*u - 247371. What are the prime factors of u?
2, 3, 11731
What are the prime factors of 15566/3 + (-42)/(-126)?
5189
Let r be (-14148)/(-21) - (-16)/56. Let o = r - 459. List the prime factors of o.
5, 43
List the prime factors of 3/(-12)*212/159*-44355.
5, 2957
Let w(z) = z + 0*z + 5 - 11*z + 3*z**2 + z. What are the prime factors of w(-8)?
269
Let b(g) = -1. Let c(h) = 5*h - 16. Let m(k) = -4*b(k) - c(k). Let t be -22 - (-23 - 0 - -13). What are the prime factors of m(t)?
2, 5
Suppose 31*u - o - 37780 = 30*u, 151072 = 4*u + 4*o. List the prime factors of u.
2, 11, 17, 101
Suppose 9*s - 13089 = -2289. Suppose 14*l = 19*l - 4*c - 1164, 0 = 5*l + 5*c - s. What are the prime factors of l?
2, 59
Let a(w) be the third derivative of 97*w**6/60 + w**5/10 - w**4/3 + w**3/2 + 189*w**2. List the prime factors of a(2).
3, 521
Let z(n) = -n**3 - 3*n**2 + 4*n - 6. Let o be z(-4). Let r be o/8*(-80)/12. Suppose 1068 = 17*p - r*p. What are the prime factors of p?
89
Suppose -55*p + 116197 + 82316 = 37198. List the prime factors of p.
7, 419
Let d(w) = 16 - 2*w**3 - 2*w + 79*w**2 + 85*w**2 - 149*w**2. List the prime factors of d(7).
3, 17
Suppose 2*b = 5*m + 76789, 2*m - 28890 = -2*b + 47892. List the prime factors of b.
2, 4799
Let i be 9/(-7) - 34/(-119). Let p be 0/(i + -1 + 0). Suppose -2*v - j = -345, p*v - 5*j - 315 = -2*v. List the prime factors of v.
2, 5, 17
Let w be 1/((-55)/(-10) - 5). Suppose -181 - 265 = -w*k. What are the prime factors of k?
223
Let g = 4847 + -1978. List the prime factors of g.
19, 151
Let f(l) = -68*l + 143. What are the prime factors of f(-30)?
37, 59
Suppose 0 = 2*k - 4*k + 5*x + 12, 2*k = -x. What are the prime factors of (-2 - -340)/(k/1 - -1)?
13
Let y(t) be the second derivative of t**4/6 - 10*t**3/3 + 15*t**2 - 19*t. Let f = 113 + -104. What are the prime factors of y(f)?
2, 3
Suppose 809 = 9*o - 811. Suppose -3*n + o = -1206. List the prime factors of n.
2, 3, 7, 11
Let j(x) = -14*x - 5. Let y be j(-10). What are the prime factors of 316*y/108*(-11)/(-5)?
11, 79
Suppose -4*w = -5*w + 5*w. Suppose -268*a + 271*a - 3696 = w. List the prime factors of a.
2, 7, 11
Suppose 3*w + 2*c - 3*c - 55794 = 0, -5*c = -3*w + 55794. Suppose -29930 = 4*d + w. What are the prime factors of d/(-108) + (0 - 2/(-3))?
113
Let g(k) = -k**3 - 2*k**2 - k - 1. Let w(r) = 20*r**3 + 3*r**2 - 5*r + 17. Let x(i) = 2*g(i) + w(i). List the prime factors of x(3).
3, 157
Let s = -423 + 433. Let c(g) = -g**2 + g. Let k(q) = 4*q**2 - 22*q + 3. Let i(o) = -3*c(o) - k(o). List the prime factors of i(s).
3, 29
Suppose 0 = 109*k - 100*k - 153. Suppose -9777 = -16*n - k. What are the prime factors of n?
2, 5, 61
Let c be (12/(-16))/(9/(-60)). Let o be (-10)/(-15)*((-345)/2)/c. Let i = 69 - o. List the prime factors of i.
2, 23
Let h = 76 - 138. Let i = h - -62. Suppose i = -j - 0*j + 222. List the prime factors of j.
2, 3, 37
Let w(h) = -1197*h. Let l be w(1). Let k be (-2 - -1*1)/(21/l). Suppose 3*x - 2*y = y + k, -2*x + 4*y = -48. What are the prime factors of x?
2, 7
Let g = 706 - 673. List the prime factors of g*(39/52 + (-103)/(-12)).
2, 7, 11
What are the prime factors of 131170/8 + (-15)/(-20)?
19, 863
Let s(a) = -3*a - 14. Let d be s(-4). What are the prime factors of -3 + 5 - d - -30?
2, 17
Suppose 36083*j = 36089*j - 129258. List the prime factors of j.
3, 43, 167
List the prime factors of ((-5)/(-1))/(2/(-19) - (-52360)/490200).
3, 5, 43
Suppose 4*d + 24424 = 4*v, -4*d - 3249 = -v + 2869. List the prime factors of v.
2, 3, 113
List the prime factors of 219128/16*(-4 + 1 - -5).
7, 13, 43
Suppose -5*y - 71077 = -2*g, 4*g - 4*y - 12347 = 129849. What are the prime factors of g?
2, 3, 2963
Suppose 0 = -4*s - 4*g + 95548, -4*g + 34662 - 130234 = -4*s. List the prime factors of s.
2, 5, 2389
Suppose 2*s + 32329 = 5*u - 67064, 4*s - 99339 = -5*u. List the prime factors of u.
3, 5, 53
Suppose -5*u - 7338 = -8*u. List the prime factors of (-9)/12 - u/(-8).
5, 61
Let r = 2481 + -3598. Let b = r - -1669. What are the prime factors of b?
2, 3, 23
What are the prime factors of (64/48)/((-60)/(-747765))?
3, 29, 191
List the prime factors of (42/15 - 7)*-6155*1 + -3.
2, 3, 359
Suppose 3*i = 5*i + 8. List the prime factors of 1/(4*i/(-256)).
2
Suppose -16 = 7*l - 8*l. Let q(m) = -2*m**2 + 38*m + 4. What are the prime factors of q(l)?
2, 5
Let t(n) = 54*n**3 - 22*n**2 + 47*n + 25. List the prime factors of t(5).
2, 5, 17, 19
Suppose 0 = 435*f - 18651944 + 1895171 - 13831122. What are the prime factors of f?
3, 13, 601
Let m be ((-1696)/(-